rivative of a**3/3 - 7*a**2/2 - 5*a - 6. What is h(8)?
3
Let w(j) = -j**3 + 3*j**2 + 6*j - 1. Let y be w(4). Let o(d) = 2*d + y*d - 3*d + 4 - 3*d. Give o(-4).
-8
Let d(n) = -n**3 + 5*n**2 - 5*n + 1. Let g = 7 - 3. Determine d(g).
-3
Let n(d) be the second derivative of 0 + 1/2*d**2 - 5*d - 1/6*d**3 + 1/2*d**4. Calculate n(1).
6
Let z(u) be the second derivative of -5/6*u**3 + 0*u**2 + u + 0. Let k be ((-4)/8)/((-5)/(-2) - 2). Give z(k).
5
Let h(v) be the first derivative of -1/4*v**4 - 2 - v + 2/3*v**3 + 1/2*v**2. Suppose 4*g = -2*z, 0*g + 3*g + 2*z + 2 = 0. Determine h(g).
1
Suppose 11 = 12*r + 47. Let n(w) = 4 - 2*w**2 + 0*w**2 + 3*w**2 + 5*w. Give n(r).
-2
Let x(n) be the second derivative of n**4/12 + 2*n**3/3 + n**2 - n. Suppose 0 = z + 7 - 1. Let a(g) = 2*g + 8. Let b be a(z). What is x(b)?
2
Let a(p) = -2*p**2 + 9*p + 5. Let t(d) = 6*d**2 - 34*d - 22. Let w(n) = -n - 1. Let z(y) = -t(y) + 8*w(y). Let f(s) = 17*a(s) - 6*z(s). What is f(3)?
10
Let h(t) = -t**2 + 4*t - 1. Let x(k) = 4*k**2 + k - 1. Suppose -3*o = -7*o + 4. Let p be x(o). Determine h(p).
-1
Let p = 0 - -4. Let h(q) = q - 4 - p + 0*q - 2. Determine h(6).
-4
Suppose 0 = -11*i - 16 + 5. Let p(d) = 2*d**3 - d**2 + d. Let a be p(1). Let s(r) = 0*r**2 + r**a - 5*r**2. Determine s(i).
-4
Let a(z) = -5*z**3 + z**2 + 5*z - 1. Let s(b) = -10*b**3 + b**2 + 9*b - 2. Let v(k) = -5*a(k) + 3*s(k). Determine v(1).
-6
Suppose 0*h - 3*s + 4 = -5*h, -3*h - 2*s - 10 = 0. Let r be 1 + (0/2 - 1). Let l(w) = r*w**3 + 2*w**2 + 2*w**2 - 2*w**2 + w**3 + 2*w. What is l(h)?
-4
Let x = -55 - -58. Let p(o) = -o. Determine p(x).
-3
Let i(k) = -k**2 - 8*k + 4. Let s(p) = 7*p - 1. Let d be s(-1). Let x be i(d). Suppose 2*o + f + 13 = 0, -x*o - f = o + 25. Let c(t) = -t - 4. Calculate c(o).
0
Let u(l) = 2*l + 1. Let n(y) = -10*y - 4. Let w(d) = 2*n(d) + 11*u(d). Give w(-4).
-5
Let o be (2/(-3))/((-2)/15). Suppose 0 = -r - 4 + o. Let w(u) be the first derivative of -4*u**3/3 - u**2 + u - 1. Calculate w(r).
-5
Let f(x) = -x - 4. Let z(u) = u + 5. Let a be z(0). Let v = a - 3. Suppose 2 + 4 = -v*w. Calculate f(w).
-1
Let q be -2 - ((-1 - 2) + 1). Let v = q + 2. Let x(m) = m - m**2 - 2*m**3 + v*m**2 - 2*m. Calculate x(1).
-2
Let h(z) be the first derivative of 2 - 1/2*z**2 + 7*z. Let l be h(7). Let x(w) = -w**3 - w**2 + w - 4. Give x(l).
-4
Suppose 2*v = 4*d - 25 + 9, -3*v = 5*d - 20. Suppose -r = -v*r. Let x = r + 1. Let q(s) = 2*s**3 - s. Give q(x).
1
Let d(x) be the first derivative of -3*x**2/2 + 5*x - 2. Let a be (7 - (7 + -1)) + 5. Calculate d(a).
-13
Let h(n) be the first derivative of -n**7/840 + n**6/90 - n**5/60 + n**4/4 + n**3 + 1. Let j(w) be the third derivative of h(w). Give j(4).
-2
Let c(g) = g**3 - 9*g**2 - 10*g. Let w be c(10). Suppose w = 5*j + h - 15, -5*h = -j - 0*h - 23. Let d(x) = 3*x**2 + 1. Calculate d(j).
13
Let h be (1*(1 - 3))/(-2). Let b(r) = r**2 - 1. Give b(h).
0
Let a(j) = 6 - 5 - 2 + 3 - 3*j. What is a(-4)?
14
Let z(o) = o**3 + 7*o**2 - 9*o - 9. Let r be z(-8). Let c be 0*(-1*2 - r). Suppose c = -5*j + 31 - 11. Let a(x) = -x. Determine a(j).
-4
Let y(k) = k**3 - k - 1. Let v(r) = 6*r**3 - 7*r**2 - 7. Let f(o) = v(o) - 5*y(o). Determine f(6).
-8
Let d(g) = -3*g**3 - 10*g**2 - 8*g - 3. Let u(x) be the second derivative of x**5/20 + x**4/12 + x**2/2 - 10*x. Let o(i) = -d(i) - 2*u(i). Determine o(-7).
-6
Suppose 0 = -2*p + p - 5*l, 0 = -2*p - 3*l + 7. Let a(d) be the second derivative of -d**4/12 + 2*d**3/3 + 3*d**2/2 - 5*d. Determine a(p).
-2
Let m be 3/(3*-2)*-2. Let y(g) = g + 3 + 2*g + g**2 + m + 0. Give y(-3).
4
Let m = 2 - 2. Let c(g) = -2*g**2 - 533 + g**2 + 543. Calculate c(m).
10
Let g = -6 + 4. Let l = g + 5. Let c(d) = -d**2 - 1. Let s(k) = -3*k**2 + 5*k - 4. Let m(w) = 2*c(w) - s(w). What is m(l)?
-4
Let u be 0 - -4*(-2)/4. Let x be 6/4 + u/(-4). Let i(n) = -5*n - n**2 + 7*n + 3*n**3 + 3 - n**3 - 6*n. What is i(x)?
7
Let t be (8/3)/(4/6). Let x be t + -1 - 0/(-2). Let d(m) = -m**3 + 2*m**2 + 5*m - 2. Calculate d(x).
4
Let n(j) be the third derivative of -j**4/24 - 5*j**3/2 - 19*j**2. Determine n(-11).
-4
Let p(u) = u**2 - 7*u + 5. Let j be ((-8)/(-6))/(4 + 560/(-150)). Give p(j).
-5
Let v(h) = -h + 8. Let x = -16 + 23. What is v(x)?
1
Let s(u) be the first derivative of u**6/60 + u**5/30 + u**3/3 - u**2 - 3. Let m(y) be the second derivative of s(y). Suppose -w - 2 = -0*w. Give m(w).
-6
Let h(y) = 2*y**2 - 4*y + 1. Let c be ((-6)/4)/((-3)/(6/1)). Calculate h(c).
7
Let o = -13 + 53/4. Let b(d) be the first derivative of -1 - 1/2*d**2 - 2/3*d**3 + d + o*d**4. Calculate b(2).
-1
Let w(b) = -1 - 85*b**2 + 3*b + 83*b**2 - 2*b. Suppose 0 = -3*u + 2*q - 8 + 45, 2*u - 3*q = 18. Suppose 5*x + 5*n - u = 0, 2*x - 5*n - 1 = -2*n. Determine w(x).
-7
Let j(u) = 3*u**3 - 8*u**2 - 6*u. Let c(q) = 2*q**3 - 4*q**2 - 3*q. Let g(k) = -5*c(k) + 3*j(k). Give g(-3).
0
Let i = -5 - -8. Let f(h) = -2 + 0 - i*h + 0*h. Let j(w) = -w**3 - 5*w**2 + w + 3. Let x be j(-5). What is f(x)?
4
Let q(x) = x**3 + 9*x**2 - 10*x - 6. Let j(w) = -w**3 - 10*w**2 + 11*w + 7. Let r(o) = -2*j(o) - 3*q(o). Determine r(-8).
4
Let b = -13 - -15. Let z(r) = 2 - r - r**b - 2 - r**3. Determine z(-1).
1
Let w(z) = 2*z + 2. Let n(q) = q**2 - 9*q + 6. Let k be n(9). What is w(k)?
14
Suppose 9*b + 9 = 45. Let y(o) = 5*o + 6. Let n(w) = -9*w - 11. Let i(h) = -3*n(h) - 5*y(h). Calculate i(b).
11
Let x(d) be the second derivative of -d**4/12 - d**3/6 - d**2/2 + 3*d. Let u(i) = i**2 - 2*i. Let k be u(1). Let t = k - -1. Give x(t).
-1
Let o be 4/6 - (-22)/(-6). Let a(b) = b**3 + 4*b**2 + 7*b - 8. Let s(q) = q**3 + 4*q**2 + 6*q - 7. Let n(j) = -4*a(j) + 5*s(j). What is n(o)?
0
Suppose -8 = -2*v + 3*o - 23, 0 = v - 4*o + 20. Let w(n) = n**2 - 7. Determine w(v).
-7
Let f(q) = -q**2 - 7*q + 3. Let s be f(-6). Let z(b) = -b**3 - s*b + 7*b - 4*b**2 + 0*b**3. Determine z(-3).
-3
Let f(o) = 6 + o + 4*o - 4 - o. Calculate f(-3).
-10
Let y(z) = 6*z**3 - 2*z + 1. Let b(l) = -l**2 - 3 + 5*l - 4*l**2 + 4 + 4*l**2. Let q be b(5). Give y(q).
5
Let n be ((-80)/(-28))/(2/7). Suppose 2*y - n + 2 = 0. Let j(m) = -y*m + 2*m + 2*m + m - 8. Determine j(6).
-2
Let m(b) = -43*b - 2 + 20*b + 20*b - 5. Suppose -20 = 4*q - 0*q. Determine m(q).
8
Let q(a) = 3 - 5 + 4*a + 0*a. Suppose -4*h = -h. Let p be -2 - (-8)/(2 - h). What is q(p)?
6
Let r(q) = -2*q. Let z(a) be the second derivative of a**5/20 - 3*a**4/4 - 3*a**3/2 - 13*a**2/2 - 2*a. Let u be z(10). Determine r(u).
6
Let k(x) = -x**2 + 7*x - 3. Let l be (-10)/(-2)*6/10. Give k(l).
9
Let y(d) be the second derivative of 7*d**3/3 + 4*d. Calculate y(-1).
-14
Let f be (-1 - -1)/(-1 - 0). Let s(x) be the third derivative of -x**6/120 - x**5/60 + x**4/24 + 5*x**3/6 - x**2 - 9*x. Give s(f).
5
Let v(q) = q - 6. Let l(d) = -d + 1. Suppose -2*a + 3*a - 2*u - 3 = 0, -3*a = u + 5. Let w(p) = a*v(p) - 2*l(p). Let j = 1 + -1. What is w(j)?
4
Let b(f) = f**2 - 7*f + 8. Let l be b(6). Let q = l - 0. Suppose 2*v = 2*h - q, 3*v + h + 6 + 1 = 0. Let c(j) = -2*j - 2. What is c(v)?
2
Let t(u) be the first derivative of -u**2/2 - u + 4. Suppose -2 = k - 4. Let j be t(k). Let f(d) = -d - 7. What is f(j)?
-4
Let k(d) = -d**2 - 5*d - 1. Suppose 3*z - 4*r - 6 = z, -4*z + 2*r = 6. Let s be (-2)/(2/(-12)*z). What is k(s)?
3
Let v(m) be the second derivative of 1/3*m**4 + 0*m**2 - 5*m + 1/20*m**5 + 0 - 5/6*m**3. Give v(-5).
0
Let c(f) = -2*f - 1 + 8*f - 3 + 2. What is c(2)?
10
Let v(r) be the second derivative of -r**5/20 + r**4/3 + 2*r**3/3 - 3*r**2/2 + r. Determine v(5).
-8
Let f(x) = -x - 4. Suppose b = 1 + 2. Suppose -h + 5*l = 5, -2*l + 0 + 2 = -b*h. Let z be f(h). Let q(p) = p**3 + 3*p**2 - 5*p + 3. What is q(z)?
7
Suppose 0*n + 5*n = -10. Let k(z) be the second derivative of 3/2*z**2 + 0 - 2*z + 1/2*z**3. Determine k(n).
-3
Let v(p) = p - 3. Let n be v(4). Let l = 1 - n. Let g(o) = 5*o**2 - o**2 + l - o**3 - 1. What is g(4)?
-1
Let o(c) = c**2 + 1. Let j(s) = 2*s**2 + 2*s + 2. Let x(d) = -j(d) + 3*o(d). Calculate x(4).
9
Let h(a) = -a**3 - 5*a**2 + 8*a + 2. Let p(f) = 2*f + 2. Let m be p(-4). Calculate h(m).
-10
Suppose 0 = -0*p + 2*p - 4*o + 12, 0 = 4*o - 16. Let i(z) = -z**p + z**2 + 3*z**3 - 2 - 4*z**3. Calculate i(0).
-2
Let w(x) = x**2 - 10*x - 5. Let k be 5*(66/(-15))/(-2). What is w(k)?
6
Let f(r) = 25*r**3 - 3*